1152 and 14.
14
What is the greatest common factor of 6615 and 756?
189
What is the greatest common divisor of 8028 and 873?
9
Calculate the highest common factor of 6858 and 258572.
254
What is the highest common factor of 4747694 and 28?
14
What is the highest common divisor of 151182 and 111?
111
Calculate the greatest common divisor of 292068 and 20216.
532
Calculate the greatest common factor of 5296 and 5732.
4
Calculate the highest common divisor of 18287 and 3.
1
What is the highest common divisor of 36673 and 32578?
91
What is the greatest common factor of 56 and 131866?
14
Calculate the greatest common divisor of 45 and 285822.
9
Calculate the greatest common divisor of 176 and 2101.
11
What is the highest common factor of 17963 and 4301?
253
What is the greatest common factor of 8067000 and 200?
200
Calculate the highest common divisor of 197 and 206653.
197
What is the greatest common factor of 70 and 255710?
70
What is the highest common factor of 1166 and 1320495?
583
What is the highest common divisor of 32510 and 290?
10
Calculate the highest common factor of 64680 and 882.
294
Calculate the highest common factor of 4620 and 42420.
420
Calculate the greatest common factor of 58927 and 7792.
487
Calculate the highest common factor of 680 and 53635.
85
What is the greatest common factor of 90 and 41790?
30
What is the highest common factor of 1086026 and 1146?
382
Calculate the greatest common factor of 22 and 69619.
11
What is the highest common factor of 84 and 398616?
12
Calculate the highest common factor of 54 and 34200.
18
What is the highest common divisor of 53 and 4123241?
53
Calculate the greatest common factor of 19 and 36.
1
What is the highest common factor of 48405 and 60?
15
Calculate the highest common factor of 61156 and 324.
4
What is the greatest common factor of 473096 and 624?
104
What is the highest common factor of 4389 and 8448?
33
Calculate the highest common divisor of 88392 and 4118.
58
Calculate the highest common divisor of 23117864 and 56.
56
What is the greatest common divisor of 2992 and 3344?
176
What is the highest common factor of 3388 and 1089?
121
Calculate the highest common factor of 156 and 373464.
156
Calculate the greatest common divisor of 29541 and 4128.
129
What is the highest common factor of 2745 and 19520?
305
What is the greatest common factor of 2130 and 247110?
30
Calculate the greatest common factor of 41116 and 19988.
76
What is the greatest common factor of 466 and 2167832?
466
Calculate the greatest common divisor of 570889 and 33.
11
What is the greatest common factor of 398 and 262282?
398
Calculate the highest common divisor of 29454 and 4.
2
What is the highest common divisor of 219903 and 69?
69
Calculate the greatest common factor of 20 and 209030.
10
Calculate the highest common factor of 1060 and 160.
20
Calculate the greatest common divisor of 104 and 15223.
13
What is the greatest common divisor of 686218 and 26?
26
What is the highest common factor of 1591 and 55470?
43
Calculate the highest common divisor of 300 and 3474700.
100
What is the highest common factor of 113472 and 432?
144
Calculate the highest common divisor of 2306930 and 110.
10
Calculate the greatest common divisor of 714 and 435162.
42
Calculate the highest common divisor of 34530 and 50.
10
What is the greatest common factor of 32 and 19514?
2
What is the highest common divisor of 486956 and 23?
23
Calculate the greatest common factor of 7030 and 570.
190
Calculate the highest common factor of 93268 and 12.
4
Calculate the greatest common factor of 13807134 and 509.
509
Calculate the highest common factor of 87936 and 687.
687
Calculate the highest common divisor of 47 and 1217441.
47
Calculate the highest common divisor of 3164563 and 137.
137
What is the highest common divisor of 913 and 2005861?
913
What is the highest common divisor of 29842 and 15962?
694
Calculate the greatest common factor of 2826 and 3952161.
1413
What is the greatest common divisor of 36203 and 6683?
41
What is the greatest common factor of 208 and 1148706?
26
Calculate the greatest common factor of 6298 and 3854.
94
Calculate the highest common divisor of 201 and 9138.
3
Calculate the highest common divisor of 2096854 and 502.
502
What is the highest common divisor of 135034 and 428?
214
What is the greatest common factor of 172 and 464314?
86
What is the greatest common divisor of 21 and 6513?
3
What is the highest common divisor of 13874 and 5208?
14
What is the greatest common factor of 986 and 108494?
34
Calculate the highest common divisor of 493264 and 16.
16
What is the greatest common factor of 117558 and 9828?
378
Calculate the highest common divisor of 265 and 43831.
53
Calculate the greatest common divisor of 10 and 124870.
10
Calculate the highest common factor of 603 and 1608.
201
Calculate the highest common factor of 1380503 and 73.
73
Calculate the highest common divisor of 1404 and 37869.
39
What is the greatest common divisor of 90844 and 8?
4
What is the highest common factor of 419 and 83?
1
What is the highest common factor of 197104 and 2037?
97
Calculate the highest common factor of 1128 and 26790.
282
Calculate the highest common factor of 1834 and 8918.
14
What is the highest common factor of 152865 and 387?
387
What is the highest common factor of 108 and 58002?
6
What is the greatest common divisor of 266 and 3977099?
133
Calculate the greatest common factor of 6575 and 36031.
263
What is the greatest common factor of 87968 and 192?
32
What is the greatest common factor of 273 and 696813?
39
Calculate the highest common divisor of 17407 and 824.
103
Calculate the greatest common divisor of 810 and 8700.
30
Calculate the highest common factor of 760 and 189430.
190
What is the greatest common factor of 147774 and 176?
22
What is the greatest common factor of 160344 and 476?
68
What is the highest common divisor of 151844 and 11662?
238
Calculate the greatest common divisor of 17448444 and 414.
414
What is the highest common factor of 148392 and 9?
9
What is the greatest common factor of 43 and 8303257?
43
What is the highest common factor of 56 and 3343116?
28
Calculate the highest common divisor of 486446 and 58.
58
Calculate the greatest common divisor of 5646 and 456.
6
Calculate the highest common factor of 144 and 1899.
9
What is the highest common factor of 516 and 198?
6
Calculate the highest common divisor of 152 and 779.
19
Calculate the highest common factor of 197312 and 2304.
64
Calculate the greatest common divisor of 6244 and 224.
28
What is the greatest common divisor of 1664 and 51808?
32
Calculate the highest common factor of 991778 and 876.
146
Calculate the greatest common divisor of 5455 and 446219.
1091
Calculate the highest common factor of 24 and 16782.
6
Calculate the greatest common divisor of 14297 and 7888.
493
What is the highest common divisor of 396 and 398673?
99
What is the greatest common divisor of 693 and 258867?
63
What is the highest common factor of 363 and 152097?
363
Calculate the highest common divisor of 6 and 132651.
3
Calculate the greatest common factor of 74 and 33259.
1
Calculate the highest common divisor of 782 and 189754.
34
What is the highest common factor of 205 and 2611700?
205
What is the highest common divisor of 17593 and 3942?
73
What is the greatest common factor of 7 and 349139?
7
What is the highest common divisor of 2074624 and 512?
512
Calculate the greatest common divisor of 2788 and 6724.
164
What is the greatest common divisor of 272 and 90134?
34
What is the highest common factor of 14 and 51443?
7
What is the highest common factor of 36874 and 927?
103
What is the highest common factor of 36 and 5013?
9
What is the greatest common factor of 258 and 250776?
258
What is the greatest common divisor of 431259 and 87?
87
What is the highest common factor of 64 and 2312224?
32
What is the greatest common factor of 425 and 75275?
25
Calculate the highest common divisor of 52072 and 184.
184
Calculate the greatest common divisor of 321 and 3469689.
321
What is the greatest common divisor of 9 and 188?
1
What is the highest common factor of 6144 and 20224?
256
What is the greatest common divisor of 57840 and 88?
8
What is the great